when n is divided by 26.
23
Suppose 3*h - 5*h + 12 = 0. Let a(u) = -u**3 - 4*u**2 + 11*u - 4. What is the remainder when h is divided by a(-6)?
0
Let r be 60/(-50)*(-4 + -1). Suppose 2*c = -5*q + 128, -q + c + 33 - r = 0. Calculate the remainder when 102 is divided by q.
24
Suppose 0 = -2*z - z - 5*b + 8, z + 3*b - 4 = 0. Suppose 5*h - 6 = -4*o, 2*h - z - 11 = -4*o. Calculate the remainder when 6/(-4)*(-1 - 7) is divided by o.
0
Suppose 0 = -3*z - 5*r - 5, -2*r + 2 = 3*z - z. Calculate the remainder when -22*-2*(-2)/(-8) is divided by 35/z + -1 + 1.
4
What is the remainder when (-9)/(-27)*-6*((-85)/2)/5 is divided by 14/4*(2 - 0)?
3
Let s = -17 + 22. Suppose -s*h = -3*v + 253, 6*h - 2*h = -v + 107. Calculate the remainder when v is divided by 21 - (1 - (2 + 1)).
22
Let i be (1 - -2)/((-9)/(-18)). Suppose 1306 = 2*d - 2*p, -4*d + 3*p + 2647 = i*p. Suppose d - 202 = 6*k. What is the remainder when k is divided by 39?
37
Suppose -40*w + 2509 = -811. Let u be 206/10 - (-2)/5. Calculate the remainder when w is divided by (0 + 2)/(2/u).
20
Let a(z) = -z**3 - 6*z**2 - 11*z - 15. Let r be a(-7). Suppose 0 = -3*t + 5*k + r, 213 = 9*t - 4*t + k. Calculate the remainder when 123 is divided by t.
39
Let g = 95 + -70. Let j = g - 10. What is the remainder when j is divided by 6?
3
Let i(k) = 2*k**2 - 4. Let r = -78 - -76. What is the remainder when (r/(-8))/((-9)/(-1908)) is divided by i(3)?
11
Let m(t) = t**3 + 47*t**2 - 2*t + 67. What is the remainder when m(-47) is divided by 5?
1
Let h = 59 + -39. What is the remainder when 975 is divided by h?
15
Let y(s) = -s**2 + 63*s - 598. Calculate the remainder when 606 is divided by y(51).
4
Let f(d) = -d + 2. Let c be (-3)/(-18) - (-13)/(-6). Suppose a + 4*a - 75 = 0. What is the remainder when a is divided by f(c)?
3
Suppose -11*h = -64 - 189. Calculate the remainder when 197 is divided by h.
13
Suppose 51*v = 53*v - 60. What is the remainder when 195 is divided by v?
15
Let o = 4 - -24. Let d = o + -12. Calculate the remainder when 29 is divided by d.
13
Let j = -354 - -391. What is the remainder when 72 is divided by j?
35
Suppose 23*g = 13*g + 130. Calculate the remainder when 205 is divided by g.
10
Let v(s) be the first derivative of s**3/3 - 2*s**2 + 2*s - 3. Let g be v(5). Let h = g - 4. Calculate the remainder when 10 is divided by h.
1
Let l = -10 + 27. Calculate the remainder when ((160/(-28))/2)/(32/(-896)) is divided by l.
12
Let j be -1*(1 - (2 - -2)). Suppose -80 - 39 = -z + 4*g, -j*g = z - 140. Calculate the remainder when z is divided by 12.
11
Let q be (1485/65 + 12/78)*1. Let u be (-1 + 1 - -4) + 1. Suppose u*v - q = 57. What is the remainder when 28 is divided by v?
12
Suppose 4*t = -m + 47, 0 = 4*t + 1 - 5. Calculate the remainder when m is divided by (0 - 88/(-20))*5.
21
Let t(y) = -10*y - 5. Let k be t(-8). Suppose -k = -10*s + 135. What is the remainder when 83 is divided by s?
20
Let t(f) = -f**3 + 6. Let c(g) = -3*g**3 - 11*g**2 - 9*g - 30. Calculate the remainder when t(-5) is divided by c(-4).
21
Let u(l) = 47*l - 12. What is the remainder when 166 is divided by u(1)?
26
Suppose -13*q + 963 = -16*q. Let i = -175 - q. Calculate the remainder when i is divided by 49.
48
Let f(c) = -4*c + 3. Suppose 3*r - 39 - 110 = 2*m, -4*r - 4*m = -232. Calculate the remainder when r is divided by f(-6).
26
Calculate the remainder when 35 is divided by 24/(6/27 - 184/(-144)).
3
Suppose -r - 4*i + 30 = -0*i, 0 = 5*r - 5*i - 25. Let n = r + -12. What is the remainder when (-1)/n*(23 - 1) is divided by 6?
5
Let p(k) = -2*k + 61. Calculate the remainder when p(14) is divided by 9.
6
What is the remainder when 2*(4/(-12) + 454/3) is divided by 38?
36
Suppose 3*o = 6*o - 3*n - 69, 3*n + 107 = 5*o. Suppose 5*f = 1 + o. Let m(d) = d**3 - 4*d**2 + 4*d - 6. Calculate the remainder when m(f) is divided by 6.
4
Let b(z) = -z - 4. Let x be b(-13). What is the remainder when (-86)/(-6) - 1/3 is divided by 51/x - 2/3?
4
Let l = 22 + 67. Suppose l + 73 = 9*c. What is the remainder when 87 is divided by c?
15
Let q(j) = -2*j - 1 - 4 - 2 + 8*j. What is the remainder when 29 is divided by q(4)?
12
Suppose 15 = 3*d + 2*i, -5*i = -5*d + 4*d + 5. Suppose -d*r + 427 = 2*f, 5*f = 2 + 3. Calculate the remainder when r is divided by 22.
19
Let y = -367 + 385. Calculate the remainder when 1781 is divided by y.
17
Let m be (-4649)/5 - (-10)/(-50). What is the remainder when 19/(-152) + m/(-16) is divided by 15?
13
Let h(i) = 13*i - 873. What is the remainder when h(70) is divided by 11?
4
Let f = 2866 + -2726. Calculate the remainder when f is divided by 43.
11
Let j = -117 - -133. Suppose -3*a = -0*l - 2*l + 64, 4*l + a = 114. What is the remainder when l is divided by j?
13
Suppose 5*b = i + 129, 8*b - 4*b = 4*i + 116. Calculate the remainder when 73 is divided by b.
23
Suppose 59*v + 344 = 63*v. What is the remainder when 255 is divided by v?
83
Suppose 0 = 2*g + 2*g - 52. What is the remainder when (3 - -1)/((54/57)/9) is divided by g?
12
Suppose q - 3*q + 230 = 0. Suppose 2*p + 3*p = q. Suppose -p*b = -26*b + 144. What is the remainder when b is divided by 17?
14
Let w(z) = 3*z**3 + 3*z**2 - 2*z + 7. Calculate the remainder when w(3) is divided by 63.
46
Let k = 77 + -57. What is the remainder when k is divided by 9?
2
Let w = 2246 - 2242. Let p(t) = t + 8. Let c be p(-6). Suppose -3*k + 3 + 18 = 5*m, 12 = m - c*k. Calculate the remainder when m is divided by w.
2
Suppose -6 = 3*o, -4*o = -5*u - 0*o + 428. Calculate the remainder when u is divided by 38.
8
Let h(x) = 0*x - 6*x - x**2 - 1 + 4. Let m be h(-6). Suppose 4*t - 5*v - 173 = 0, -5*t - v - m*v + 165 = 0. Calculate the remainder when t is divided by 13.
11
Suppose 0 = 3*g - 4*f - 1 + 18, 3*f + 17 = -2*g. Let r(x) = -7*x - 20. What is the remainder when r(g) is divided by 15?
14
Let k(c) = -4*c - 46. Let q(d) = d**2 + 1. What is the remainder when k(-16) is divided by q(-3)?
8
Let g be (-1)/5 + (-168)/(-40). Suppose -4*t = 2*n - 220, -n - 281 = -g*t - 55. What is the remainder when t is divided by 19?
18
Let v(f) = -f**2 - 16*f + 13. Calculate the remainder when 40 is divided by v(-16).
1
Let n = -313 - -345. Suppose 0 = -k + 6*k - 630. Calculate the remainder when k is divided by n.
30
Let x(q) = -q**2 - 11*q - 5. Let h(f) = -6*f + 3. Let t be h(2). What is the remainder when 24 is divided by x(t)?
11
Let h(b) = 4*b - 11. Let a be h(4). Suppose -a*x = -14 - 121. What is the remainder when x is divided by 6?
3
Calculate the remainder when 420/75*(-6)/4*-5 is divided by 27.
15
Let j = 242 - 239. Calculate the remainder when 58 is divided by j.
1
Suppose 5*u + 5*j + 20 = 0, 0*j + 2*j = 8. Let d = 2 - u. What is the remainder when 47 is divided by d?
7
Let d(c) = c**2 + 18*c + 56. Calculate the remainder when d(-3) is divided by 7.
4
Suppose -4*v + 100 = v. What is the remainder when ((-5)/v)/(267/268 - 1) is divided by 14?
11
Let t be 36/(-27)*(0 - 9/6). Suppose 5*o - t = 3*x, o - 8 = -o. What is the remainder when 22 is divided by x?
4
Suppose i + 3*n = 22, 4*n + 32 = 4*i + 2*n. Let t = -16 + 55. Calculate the remainder when t is divided by i.
9
Suppose -4*q + 7 + 1 = 0. Let y be (1 - 4) + q - -3. Suppose -y*n = -3*m - 18, -4*n + m + 2*m = -48. Calculate the remainder when 59 is divided by n.
14
What is the remainder when 77/2 - 16/(-32) is divided by 17?
5
Suppose -3*a = -3292 + 667. Calculate the remainder when 140 is divided by 5 + a/21 - 4/(-3).
44
Suppose x + 3*x = -5*s + 168, -168 = -4*x - 2*s. Let y be x + 4/8*4. Let p = -24 + y. Calculate the remainder when 38 is divided by p.
18
Let y = 36 + -24. Let a = 167 - 99. Suppose 3*l - y = 5*r + 16, a = 5*l - 3*r. What is the remainder when 62 is divided by l?
14
Let m(f) = -2*f + 46. Suppose p + 13 = 5*h, -3*p + p = 4*h - 2. Calculate the remainder when m(20) is divided by ((-10)/(-4) + -1)*h.
0
Suppose -1208 = -30*c + 22*c. What is the remainder when c is divided by 17?
15
Let q(f) be the third derivative of f**4/24 + f**3/3 + 29*f**2. Let j = 18 - 9. What is the remainder when 42 is divided by q(j)?
9
Suppose 254*q - 251*q - 57 = 0. Calculate the remainder when 32 is divided by q.
13
Suppose -16*y + 17*y + 4*h = 28, 0 = 5*y + 5*h - 140. What is the remainder when 81 is divided by y?
25
Suppose 165 = 5*v - 21